he prime factors of x.
2
Let w = 69 + -15. Suppose -43 = -3*m - 3*o - 1, -w = -4*m - 5*o. List the prime factors of m.
2
Let y(c) = 3*c**2 + 3*c + 4. Let f(o) = -o - 13. Let r be f(-10). List the prime factors of y(r).
2, 11
Let x be ((-3)/(-2))/(1/(-38)). Let s be 3/12 - x/12. Suppose 2*g = s + 13. What are the prime factors of g?
3
Let p = -4 - -7. What are the prime factors of p?
3
List the prime factors of 4/(-34) - (-11214)/238.
47
Suppose 0 = -z - 1 - 1. List the prime factors of z/4 + 108/8.
13
Let d = 17 + 9. Let l = -10 + d. What are the prime factors of l?
2
List the prime factors of (-1)/(-2 - (2 + (-187)/47)).
47
Suppose 8 = 8*u - 6*u. List the prime factors of u.
2
What are the prime factors of 54 + 1 - -3 - -2?
2, 3, 5
Suppose 0 = -i - 5*h + 53, 2*h = 2*i + i - 142. What are the prime factors of i?
2, 3
Let f(j) = -2*j - 1. Let z be f(-3). Suppose 0 = z*a - 0*a - 5*k - 45, 0 = -3*a - k + 23. List the prime factors of a.
2
Let c(s) = -4*s**3 - 2*s**2 + 12*s + 3. Let d(j) = 5*j**3 + j**2 - 13*j - 3. Let h(x) = 6*c(x) + 5*d(x). List the prime factors of h(6).
3
Suppose -3*w + 296 - 8 = 0. List the prime factors of w.
2, 3
Let v(k) = -7*k + 64. List the prime factors of v(-24).
2, 29
Let n be (-15)/2*(-2)/(-3). Let v = n + 8. List the prime factors of 27/2 + v/(-6).
13
Suppose 0*i + 55 = i. What are the prime factors of i?
5, 11
Let d = 57 - -11. What are the prime factors of d?
2, 17
List the prime factors of ((-1380)/(-75))/(4/10).
2, 23
What are the prime factors of 2/6 - 416/(-12)?
5, 7
Let b be ((-4)/5)/((-1)/(-5)). Let c(f) = -f + 1. Let r be c(b). Suppose r*m = -2*n + 14, 4*m + 9 = 3*n - 35. What are the prime factors of n?
2, 3
Let r = 0 - -2. Suppose 3 = -2*q - r*h + 7, -8 = -4*q - 5*h. Let w(n) = 2*n**2 + 2. What are the prime factors of w(q)?
2, 5
Let w = 103 - 62. Suppose 0*u - 3*u - r = -w, -u = -4*r - 31. List the prime factors of u.
3, 5
Let k(z) = -z**2 - 6*z + 1. Let v be (9 - 1)*(-2)/(-4). Suppose -9 - 11 = 2*r + 5*q, -2*r - v = -3*q. What are the prime factors of k(r)?
2, 3
Let p = 10 + -7. Suppose 0 = -4*x - 5*r + 175, p*r + 22 = 2*x - 49. Suppose 28 = 3*c - f, 2*f + 2*f = 3*c - x. What are the prime factors of c?
2
Let q(c) = 9*c - 13. List the prime factors of q(3).
2, 7
Suppose 93 + 57 = -2*q. Let r = -44 - q. Suppose o - 8 = 4*o - 4*s, 4*o + 3*s = r. List the prime factors of o.
2
Let m = 363 + -162. List the prime factors of m.
3, 67
Let o be 110/2*(-1 - -2). Suppose 5*m + 3*h - 6 = 0, -5*h + 11 = m + 1. Suppose m = -0*w + 5*w - o. What are the prime factors of w?
11
Let k be 20/50 - (-154)/(-10). Let u = 15 - k. What are the prime factors of u?
2, 3, 5
Let l(t) = 9*t + 6. Let s be l(12). Let v = s + -80. What are the prime factors of v?
2, 17
Let f(w) = 23*w**2 - 26*w + 3. Let x(y) = -8*y**2 + 9*y - 1. Let s(p) = 6*f(p) + 17*x(p). List the prime factors of s(-3).
2, 7
What are the prime factors of -2*-1*(-110)/(-4)?
5, 11
Let n = 16 - 14. Suppose g - 23 = -n*b, g - 28 = -0*g - b. List the prime factors of g.
3, 11
Let d(l) = l**2 + 3*l + 3. Let f be d(-3). Suppose 5*b + 15 = 0, -f*n - n - 3*b + 99 = 0. What are the prime factors of n?
3
Let i be (-150)/(-9) - 2/(-6). Suppose -22 = -3*p + i. What are the prime factors of p?
13
Suppose 8 + 312 = 5*n. List the prime factors of n.
2
Let t(a) = 6*a - 2. List the prime factors of t(1).
2
Suppose -2*w + 117 + 28 = -5*p, 2 = 2*p. Suppose 3*l + 4*n = 56, w = -3*l + 7*l + 5*n. What are the prime factors of l?
2, 5
Suppose -4*n + 10 = -62. List the prime factors of n.
2, 3
Suppose 0 = 4*q - q - 213. What are the prime factors of q?
71
Suppose 2*v - 225 = -3*v. List the prime factors of v.
3, 5
Let j = 25 - 10. What are the prime factors of j/(-2)*24/(-20)?
3
Let x(t) = 2*t**2 - 2*t - 41. What are the prime factors of x(10)?
139
Let s = 12 + -8. Suppose s*g - 6 = 3*g. List the prime factors of (2 - g)/(-1) + -2.
2
Let o = -9 - -14. Suppose w = -0 + o. What are the prime factors of w?
5
Suppose 4*g - 66 = 2*g. List the prime factors of g.
3, 11
Let r(n) = 32*n - 21. List the prime factors of r(6).
3, 19
List the prime factors of (-16 - -13)*(0 + -31).
3, 31
Let p(t) = t**3 + 12*t**2 + 10*t - 12. Let h be p(-11). Let m be 2 - (-1 - 1 - h). What are the prime factors of (5 - 3)/(m/12)?
2
Let c(v) = -v**3 - v**2 + 2*v - 12. Let q be c(0). Suppose -4*r - k = -113, -2*r = -3*r - 5*k + 33. Let o = q + r. What are the prime factors of o?
2
Suppose -2*c + 22 = 2*u - 5*u, u + 44 = 4*c. Let j = 9 + c. What are the prime factors of j?
2, 5
Let n = -11 - -32. What are the prime factors of n?
3, 7
Suppose 3*r - 543 = 5*x + 665, -5*x = -4*r + 1604. What are the prime factors of r?
2, 3, 11
What are the prime factors of 3 + (-4)/2 - -20?
3, 7
Suppose 3*j + 2*k + 7 = 0, j + 4*k + 1 = 2. List the prime factors of 4/1 + 10 + j.
11
List the prime factors of (0 + 4 + -2)*22.
2, 11
Let q(h) be the second derivative of 0*h**3 + h + 1/2*h**4 + 0 - 1/2*h**2. What are the prime factors of q(-1)?
5
Suppose g - 4*v - 40 = 0, -3*v = 5*g - 0*g - 177. List the prime factors of g.
2, 3
Suppose u + 0*j - 3*j - 13 = 0, 2*j + 18 = u. What are the prime factors of u?
2, 7
Let q = 10 - 5. Suppose q*m - 35 = -0*m. What are the prime factors of m?
7
Suppose -68 = -4*n + 4*i, -4*i = -5*n - i + 89. Let w be -4*(2 + 2/4). Let p = n + w. What are the prime factors of p?
3
Suppose 5*i - 575 = 5. Suppose -3*p - i = -7*p. Suppose 3*d - p = -5*g, 0*g + 3*d - 1 = 2*g. What are the prime factors of g?
2
Let l(b) = 21*b**2 + 2*b + 5. Let i be l(-4). What are the prime factors of 2/(-3)*i/(-6)?
37
Suppose -t - t + 90 = 0. What are the prime factors of t?
3, 5
Let r be (4/8)/((-1)/6). Let b(s) = s**3 + 2*s**2 - 5*s - 3. List the prime factors of b(r).
3
Suppose -5*q - 4 = -4*q, -3*z + 5*q = 34. Let g = z - -25. Let d = g - 5. List the prime factors of d.
2
Let s = 2 + -2. Let v be (s + 3)*(1 + 0). Let k(n) = -n**3 + 3*n**2 + 2*n + 2. List the prime factors of k(v).
2
Suppose -2*k - k + 76 = -2*z, 2*k + z - 46 = 0. Let f be (-8)/(-6)*(-3)/(-1). Suppose -f*i + 6*i - k = 0. What are the prime factors of i?
2, 3
Let q(m) = -3*m - 6. Suppose -2*o - 8 = -0*o - 2*d, -4*o - 3*d + 19 = 0. Let z be -5 + -3 + o - -2. List the prime factors of q(z).
3
Suppose o + 4 - 1 = 0, -3*o = -3*f + 33. Suppose 0 = 2*x - f, -b - 2*x - 4 = -4*x. Suppose 5*c - 97 = -4*l, 3*l - 46 + 12 = b*c. List the prime factors of l.
2, 3
Suppose 0 = -2*g + 4*d + 84 + 116, 0 = -3*g - d + 272. What are the prime factors of g?
2, 23
Let d = -48 + 108. Suppose z = 4*z - d. Suppose 0*g - z = -5*g. What are the prime factors of g?
2
Let c(b) = 10*b - 1. Let o be c(2). Let v = o + -12. What are the prime factors of v?
7
Let y(m) = m**2 + 12. List the prime factors of y(6).
2, 3
Let w be (1/2)/((-10)/1140). Let k(x) = x**3 + 6*x**2 - 5*x + 10. Let g be k(-7). What are the prime factors of 5/(-20) + w/g?
2, 7
Suppose 858 = -6*a + 2550. What are the prime factors of a?
2, 3, 47
What are the prime factors of (32 + 1 - 0) + -4?
29
What are the prime factors of ((6/3)/(-1))/((-2)/263)?
263
Let o = 183 - 55. List the prime factors of o.
2
Let v = -15 - -16. What are the prime factors of (-4)/(-3)*24/v?
2
Suppose 4*h + 5*x = -229, -7*h + x = -2*h + 250. Let k be (-2)/(-10) - h/(-5). Let y = -2 - k. What are the prime factors of y?
2
Suppose -4*i + 36 = -5*z, 0 = 6*z - 5*z + 4*i - 12. Let y = 6 + z. What are the prime factors of y?
2
Let y(t) = -t**3 - 4*t**2 + 12. List the prime factors of y(-6).
2, 3, 7
Suppose -5*u + 12 = -u. Suppose 21 = u*m - 5*v, 3*m + 5*v + 2 = 23. What are the prime factors of m?
7
Let a(s) = 3*s**2. Let r be a(1). Let m = r + -3. Suppose 2*y + m*y = 6. List the prime factors of y.
3
Let q = 107 + 11. What are the prime factors of q?
2, 59
Suppose 1 + 5 = 3*d. Suppose 5*m = -3*y + 21, 2*m - 2*y = d*y + 24. Suppose 5*o - j - 41 = 0, m*j - 3 = -o + j. List the prime factors of o.
2
Let x(z) = -7*z - 22. What are the prime factors of x(-6)?
2, 5
Let r = 3 - 6. List the prime factors of 1/(1/(-42)*r).
2, 7
Let l(t) = t**3 + 12*t**2 + 2*t + 15. Let j be l(-12). Let m = -5 - j. List the prime factors of m.
2
Let q be (-5 + 6)/((-2)/(-28)). Suppose 41 = 5*s - q. What are the prime factors of s?
11
Let u(m) = 0 - m**3 - m - 2*m**3 + 0 - 2*m**2. What are